{"id":17,"date":"2012-09-11T21:05:03","date_gmt":"2012-09-11T21:05:03","guid":{"rendered":"http:\/\/visualarte-lab.umh.es\/eduardo-jesus-marin-sanchez\/"},"modified":"2012-10-03T09:50:49","modified_gmt":"2012-10-03T09:50:49","slug":"eduardo-jesus-marin-sanchez","status":"publish","type":"page","link":"https:\/\/visualarte-lab.umh.es\/en\/quienes-somos\/eduardo-jesus-marin-sanchez\/","title":{"rendered":"<span lang=\"es\">(Espa\u00f1ol) Eduardo Jes\u00fas Mar\u00edn S\u00e1nchez<\/span>"},"content":{"rendered":"<p><\/p>\n<\/p>\n<p><\/p>","protected":false},"excerpt":{"rendered":"","protected":false},"author":201,"featured_media":0,"parent":10,"menu_order":6,"comment_status":"closed","ping_status":"open","template":"","meta":{"_links_to":"","_links_to_target":""},"_links":{"self":[{"href":"https:\/\/visualarte-lab.umh.es\/en\/wp-json\/wp\/v2\/pages\/17"}],"collection":[{"href":"https:\/\/visualarte-lab.umh.es\/en\/wp-json\/wp\/v2\/pages"}],"about":[{"href":"https:\/\/visualarte-lab.umh.es\/en\/wp-json\/wp\/v2\/types\/page"}],"author":[{"embeddable":true,"href":"https:\/\/visualarte-lab.umh.es\/en\/wp-json\/wp\/v2\/users\/201"}],"replies":[{"embeddable":true,"href":"https:\/\/visualarte-lab.umh.es\/en\/wp-json\/wp\/v2\/comments?post=17"}],"version-history":[{"count":0,"href":"https:\/\/visualarte-lab.umh.es\/en\/wp-json\/wp\/v2\/pages\/17\/revisions"}],"up":[{"embeddable":true,"href":"https:\/\/visualarte-lab.umh.es\/en\/wp-json\/wp\/v2\/pages\/10"}],"wp:attachment":[{"href":"https:\/\/visualarte-lab.umh.es\/en\/wp-json\/wp\/v2\/media?parent=17"}],"curies":[{"name":"wp","href":"https:\/\/api.w.org\/{rel}","templated":true}]}}

<span lang="es">(Español) Eduardo Jesús Marín Sánchez</span>
