{"id":12,"date":"2012-09-11T20:16:06","date_gmt":"2012-09-11T20:16:06","guid":{"rendered":"http:\/\/visualarte-lab.umh.es\/quienes-somos\/teresa-marin-garcia\/"},"modified":"2014-11-14T23:17:47","modified_gmt":"2014-11-14T22:17:47","slug":"teresa-marin-garcia","status":"publish","type":"page","link":"https:\/\/visualarte-lab.umh.es\/en\/quienes-somos\/teresa-marin-garcia\/","title":{"rendered":"<span lang=\"es\">(Espa\u00f1ol) Teresa Mar\u00edn Garc\u00eda<\/span>"},"content":{"rendered":"<p><\/p>\n<\/p>\n<p><\/p>","protected":false},"excerpt":{"rendered":"","protected":false},"author":201,"featured_media":0,"parent":10,"menu_order":5,"comment_status":"closed","ping_status":"open","template":"","meta":{"_links_to":"","_links_to_target":""},"_links":{"self":[{"href":"https:\/\/visualarte-lab.umh.es\/en\/wp-json\/wp\/v2\/pages\/12"}],"collection":[{"href":"https:\/\/visualarte-lab.umh.es\/en\/wp-json\/wp\/v2\/pages"}],"about":[{"href":"https:\/\/visualarte-lab.umh.es\/en\/wp-json\/wp\/v2\/types\/page"}],"author":[{"embeddable":true,"href":"https:\/\/visualarte-lab.umh.es\/en\/wp-json\/wp\/v2\/users\/201"}],"replies":[{"embeddable":true,"href":"https:\/\/visualarte-lab.umh.es\/en\/wp-json\/wp\/v2\/comments?post=12"}],"version-history":[{"count":0,"href":"https:\/\/visualarte-lab.umh.es\/en\/wp-json\/wp\/v2\/pages\/12\/revisions"}],"up":[{"embeddable":true,"href":"https:\/\/visualarte-lab.umh.es\/en\/wp-json\/wp\/v2\/pages\/10"}],"wp:attachment":[{"href":"https:\/\/visualarte-lab.umh.es\/en\/wp-json\/wp\/v2\/media?parent=12"}],"curies":[{"name":"wp","href":"https:\/\/api.w.org\/{rel}","templated":true}]}}

<span lang="es">(Español) Teresa Marín García</span>
